isor of 3406 and 2620.
262
What is the highest common divisor of 224 and 288?
32
Calculate the highest common factor of 2320 and 145.
145
Calculate the highest common divisor of 312 and 72.
24
Calculate the greatest common divisor of 15796 and 44.
44
Calculate the highest common factor of 282 and 6.
6
What is the greatest common divisor of 90 and 36?
18
What is the greatest common factor of 80 and 205?
5
What is the highest common divisor of 1603 and 7?
7
What is the highest common divisor of 2135 and 35?
35
Calculate the greatest common factor of 576 and 3312.
144
Calculate the highest common factor of 15272 and 46.
46
Calculate the highest common factor of 168 and 7.
7
What is the greatest common divisor of 2365 and 385?
55
What is the highest common divisor of 48 and 147?
3
Calculate the greatest common divisor of 3190 and 29.
29
What is the highest common divisor of 36 and 15066?
18
What is the greatest common divisor of 4 and 32?
4
Calculate the highest common divisor of 431 and 1.
1
Calculate the greatest common factor of 1475 and 767.
59
Calculate the highest common factor of 190 and 2185.
95
What is the highest common factor of 1152 and 36?
36
Calculate the highest common factor of 114 and 95.
19
What is the highest common factor of 4 and 82?
2
What is the highest common divisor of 64 and 96?
32
What is the highest common factor of 456 and 48?
24
Calculate the greatest common divisor of 67 and 1943.
67
Calculate the highest common factor of 4896 and 216.
72
What is the greatest common divisor of 20 and 580?
20
What is the highest common divisor of 1834 and 262?
262
What is the highest common divisor of 144 and 234?
18
What is the highest common factor of 29 and 1711?
29
What is the greatest common factor of 2400 and 32?
32
What is the highest common factor of 24 and 104?
8
What is the greatest common divisor of 10976 and 32?
32
What is the greatest common factor of 76 and 3724?
76
What is the greatest common divisor of 198 and 297?
99
Calculate the highest common divisor of 20 and 580.
20
Calculate the greatest common divisor of 6 and 201.
3
What is the greatest common factor of 360 and 2760?
120
What is the highest common divisor of 980 and 80?
20
What is the highest common factor of 182 and 448?
14
Calculate the highest common factor of 104 and 13.
13
Calculate the greatest common factor of 221 and 17.
17
What is the greatest common factor of 290 and 35?
5
Calculate the highest common factor of 32940 and 180.
180
What is the greatest common divisor of 91105 and 137?
137
Calculate the greatest common divisor of 760 and 120.
40
What is the highest common divisor of 7770 and 420?
210
Calculate the highest common divisor of 81 and 108.
27
What is the highest common divisor of 3717 and 1947?
177
What is the greatest common divisor of 44 and 121?
11
What is the greatest common factor of 13 and 10777?
13
What is the greatest common divisor of 742 and 196?
14
Calculate the greatest common divisor of 99 and 44.
11
Calculate the highest common factor of 964 and 8.
4
What is the greatest common divisor of 448 and 3472?
112
What is the greatest common factor of 84 and 336?
84
What is the greatest common factor of 5 and 1725?
5
What is the highest common divisor of 24 and 1176?
24
Calculate the highest common factor of 207 and 2001.
69
Calculate the highest common divisor of 806 and 248.
62
What is the greatest common divisor of 20 and 5?
5
What is the greatest common divisor of 646 and 34?
34
What is the highest common factor of 16113 and 246?
123
What is the greatest common factor of 36 and 28?
4
Calculate the highest common divisor of 306 and 2006.
34
What is the greatest common factor of 14 and 2324?
14
What is the highest common divisor of 14 and 119?
7
Calculate the highest common factor of 13 and 4693.
13
Calculate the highest common factor of 80 and 1280.
80
What is the greatest common factor of 44 and 8?
4
What is the highest common factor of 1014 and 1586?
26
What is the highest common factor of 2 and 7354?
2
Calculate the greatest common divisor of 13 and 5.
1
What is the highest common factor of 621 and 108?
27
Calculate the highest common divisor of 15 and 1605.
15
Calculate the highest common divisor of 1935 and 45.
45
What is the highest common factor of 18 and 1764?
18
What is the highest common divisor of 47 and 11985?
47
Calculate the greatest common divisor of 18 and 86.
2
Calculate the greatest common factor of 1819 and 51.
17
What is the highest common divisor of 24 and 1032?
24
What is the highest common divisor of 12 and 180732?
12
What is the highest common factor of 33 and 2343?
33
Calculate the highest common factor of 9 and 11979.
9
What is the greatest common factor of 4343 and 1919?
101
What is the greatest common divisor of 6313 and 107?
107
What is the highest common divisor of 3427 and 23?
23
What is the greatest common factor of 60 and 135?
15
What is the greatest common divisor of 38 and 4617?
19
Calculate the highest common factor of 12349 and 53.
53
What is the highest common factor of 7 and 63?
7
Calculate the greatest common divisor of 24 and 20100.
12
What is the greatest common factor of 148 and 111?
37
What is the highest common divisor of 3 and 4377?
3
Calculate the greatest common factor of 38 and 266.
38
Calculate the highest common factor of 16 and 368.
16
Calculate the greatest common factor of 50 and 9800.
50
What is the greatest common divisor of 16302 and 66?
66
What is the greatest common factor of 13 and 5187?
13
Calculate the greatest common divisor of 1001 and 13.
13
What is the highest common factor of 6 and 27498?
6
Calculate the greatest common factor of 60 and 405.
15
What is the greatest common factor of 207 and 1104?
69
What is the highest common factor of 510 and 30?
30
What is the greatest common factor of 24 and 162?
6
Calculate the highest common divisor of 10 and 90.
10
What is the greatest common divisor of 1131 and 58?
29
Calculate the greatest common divisor of 1970 and 8.
2
Calculate the highest common factor of 2793 and 266.
133
What is the highest common factor of 672 and 48?
48
What is the highest common divisor of 24 and 1840?
8
Calculate the highest common divisor of 8460 and 15.
15
Calculate the greatest common divisor of 45 and 36.
9
Calculate the greatest common factor of 16 and 17408.
16
What is the highest common divisor of 96 and 444?
12
Calculate the highest common factor of 240 and 420.
60
Calculate the highest common factor of 144 and 624.
48
What is the highest common divisor of 198 and 27?
9
Calculate the highest common divisor of 129 and 559.
43
Calculate the highest common divisor of 31 and 775.
31
What is the highest common divisor of 31768 and 4?
4
Calculate the greatest common factor of 128 and 432.
16
What is the greatest common factor of 4 and 12?
4
What is the greatest common factor of 57 and 456?
57
Calculate the highest common factor of 1216 and 19.
19
Calculate the greatest common divisor of 1125 and 2000.
125
What is the highest common factor of 249 and 1079?
83
Calculate the greatest common divisor of 15 and 125.
5
Calculate the highest common divisor of 32628 and 24.
12
Calculate the highest common factor of 88 and 28.
4
What is the greatest common factor of 490 and 14?
14
What is the greatest common factor of 5029 and 1177?
107
Calculate the highest common factor of 57 and 76.
19
What is the highest common factor of 20106 and 36?
18
What is the highest common divisor of 42 and 154?
14
Calculate the highest common factor of 174 and 12.
6
Calculate the greatest common divisor of 2486 and 452.
226
Calculate the highest common factor of 4 and 14.
2
What is the highest common factor of 66 and 66?
66
Calculate the highest common divisor of 3138 and 48.
6
Calculate the highest common factor of 1184 and 111.
37
What is the greatest common factor of 29928 and 116?
116
Calculate the highest common divisor of 2 and 122.
2
What is the greatest common divisor of 46 and 6?
2
Calculate the greatest common divisor of 213 and 6.
3
Calculate the highest common factor of 620 and 248.
124
Calculate the greatest common factor of 36 and 52.
4
Calculate the greatest common factor of 2190 and 1022.
146
What is the greatest common divisor of 2324 and 84?
28
What is the